?
3
Let d(o) = -7*o**3 - 148*o**2 - 416*o - 7989. What is d(-21)?
306
Let q(x) = 16*x**3 - 2*x**2 + 50*x - 85. What is q(4)?
1107
Let u(x) = 2*x**2 + 477*x + 85. Determine u(-238).
-153
Let a(c) = c**3 - 39*c**2 + 245*c - 1459. What is a(33)?
92
Let h(m) = 1051*m**2 + 169211*m + 38. Determine h(-161).
38
Let a(s) = -622*s - 1375. What is a(-2)?
-131
Let p(r) = r**3 - 92*r**2 - 388*r + 2733. Determine p(96).
2349
Let l(q) = -18*q**2 + 2946*q - 35209. Calculate l(13).
47
Let z(s) = -4*s**3 - 860*s**2 - 36816*s + 7. Calculate z(-59).
7
Let g(d) = 17*d**2 - 931*d + 5968. What is g(7)?
284
Let s(y) = -53461*y + 53444. Determine s(1).
-17
Let y(b) = b**2 - 694*b - 73155. Calculate y(-93).
36
Let g(o) = -2*o**3 - 10*o**2 + 95*o + 196. Calculate g(-9).
-11
Let i(n) = -2*n**2 + 130*n + 1403. Give i(74).
71
Let l(n) = -n**3 + 347*n**2 - 515*n - 60347. Give l(345).
28
Let y(q) = -8*q**3 + 131*q**2 + 781*q - 145. Give y(21).
-61
Let q(p) = -74416*p + 4018503. Give q(54).
39
Let r(j) = -34*j**2 + 452*j - 23. Calculate r(12).
505
Let g(x) = 4*x**3 + 6*x**2 - 202*x - 978. Determine g(-5).
-318
Let d(o) = -2*o**3 - 2*o**2 - 4685*o + 9362. What is d(2)?
-32
Let t(b) = -2308*b - 25428. Give t(-11).
-40
Let k(d) = 25509*d - 51031. Give k(2).
-13
Let u(b) = -2*b**3 + 1329*b**2 - 67048*b + 185. Calculate u(55).
20
Let n(j) = -j**3 - 57*j**2 + 61*j + 169. What is n(-58)?
-5
Let q(n) = 3941*n + 66995. Calculate q(-17).
-2
Let t(c) = 8282*c**2 + 24771*c - 221. What is t(-3)?
4
Let z(i) = -2*i**2 - 578*i - 40837. Give z(-160).
443
Let u(z) = -14*z**3 + 273*z**2 + 445*z - 93. What is u(21)?
-9
Let c(g) = -6*g**3 - 18*g**2 + 2033*g + 9835. Calculate c(-5).
-30
Let t(c) = 54459*c - 925771. Calculate t(17).
32
Let p(s) = 4*s**2 - 2*s - 114. What is p(-7)?
96
Let s(d) = -976*d - 155186. Determine s(-159).
-2
Let d(b) = -9651*b + 2084625. What is d(216)?
9
Let w(x) = x**2 + 35*x - 2485. Determine w(-37).
-2411
Let a(o) = -2*o**3 + 105*o**2 - 1031*o + 77. What is a(13)?
25
Let z(f) = f**3 - 48*f**2 - 152*f + 73. Calculate z(51).
124
Let c(w) = 32*w**2 + 882*w - 2650. Give c(3).
284
Let x(c) = -2*c**2 + 138*c - 1703. Give x(48).
313
Let c(k) = 2*k**2 - 616*k + 23783. Determine c(267).
1889
Let g(n) = 237*n - 137226. Calculate g(579).
-3
Let f(u) = -180*u - 981. Calculate f(-9).
639
Let u(k) = k**3 + 8*k**2 + 720*k - 1486. What is u(2)?
-6
Let m(k) = -20221*k - 121689. Calculate m(-6).
-363
Let x(h) = 8373*h - 47. Determine x(0).
-47
Let r(f) = -2*f**3 - 44*f**2 - 67*f - 347. What is r(-21)?
178
Let h(i) = 6*i**2 - 76*i - 770. Give h(19).
-48
Let m(w) = -w**3 + 117*w**2 + 2207*w - 258215. Calculate m(117).
4
Let g(s) = -s**2 + 351*s - 23163. Determine g(91).
497
Let n(j) = -j**3 + 36*j**2 - 72*j - 125. Give n(33).
766
Let f(x) = -1119*x + 79452. Determine f(71).
3
Let y(i) = 128*i**2 + 375*i - 18. Calculate y(-3).
9
Let p(o) = -22*o**3 + 3035*o**2 + 118*o + 2688. Give p(138).
-72
Let k(z) = 31575*z - 126322. Calculate k(4).
-22
Let k(w) = w**3 - 5*w**2 + 15*w - 27. Give k(9).
432
Let x(v) = 704*v + 6388. Calculate x(-7).
1460
Let r(g) = 621*g - 6512. Give r(11).
319
Let u(y) = y**3 - 97*y**2 - 1589*y + 3878. What is u(111)?
-7
Let u(c) = -223428*c + 5138851. What is u(23)?
7
Let w(q) = -13*q**2 - 517*q + 5990. Calculate w(-49).
110
Let p(m) = -29*m**2 + 3185*m + 7066. Determine p(112).
10
Let h(v) = -1019*v + 4208. Give h(4).
132
Let k(r) = r**3 + 14*r**2 + 748*r + 7084. Give k(-10).
4
Let a(s) = 6*s**2 - 144*s + 42. What is a(32)?
1578
Let f(y) = -2875*y**2 - 17245*y + 28. Give f(-6).
-2
Let x(o) = -96*o**2 + 10079*o + 20148. Determine x(-2).
-394
Let o(t) = 3*t**3 + 321*t**2 + 286*t - 3429. Determine o(-106).
-37
Let w(c) = -1494*c - 4258. Give w(-3).
224
Let u(i) = 2*i**3 - 60*i**2 - 169*i - 166. Calculate u(32).
-1478
Let j(g) = 22*g**2 - 251*g - 745. Calculate j(-3).
206
Let z(d) = d**3 - 54*d**2 + 70*d + 1745. What is z(52)?
-23
Let f(u) = -2*u**3 - 462*u**2 - 3144*u - 15. Determine f(-7).
41
Let w(z) = z**2 - 4195*z - 8393. What is w(-2)?
1
Let d(c) = 296*c**2 - 14821*c + 1053. What is d(50)?
3
Let n(b) = -b**3 + 17*b**2 - 73*b + 21. Calculate n(11).
-56
Let w(n) = -77*n**2 + 951*n + 5883. Determine w(-6).
-2595
Let h(i) = 468*i**2 - 52*i - 37. Calculate h(-1).
483
Let w(r) = -r**3 - 152*r**2 + 3880*r - 1143. What is w(22)?
1
Let o(n) = -2*n**2 - 95*n - 2542. Give o(-32).
-1550
Let i(m) = -m**3 + 14*m**2 + 3915*m - 23574. Give i(6).
204
Let d(h) = h**2 - 21082*h - 126520. Determine d(-6).
8
Let b(w) = w**3 - 305*w**2 - 190*w - 35541. Calculate b(306).
-45
Let x(g) = g**2 - 6086*g - 54964. Give x(-9).
-109
Let o(t) = t**2 - 14*t - 9568. Determine o(-91).
-13
Let j(t) = 66*t + 37807. Give j(-573).
-11
Let g(t) = -110104*t - 1321179. Give g(-12).
69
Let l(p) = -2*p**3 + 13*p**2 + 183*p + 1861. Determine l(-10).
3331
Let s(t) = -577*t + 4059. Calculate s(6).
597
Let t(u) = 18613*u - 577027. Give t(31).
-24
Let y(a) = 3*a**2 + 712*a + 15631. Give y(-213).
82
Let i(f) = -31*f**2 - 165*f + 223. Calculate i(-4).
387
Let i(k) = -1378*k + 29064. Determine i(21).
126
Let t(b) = -b**3 - 49*b**2 + 434*b - 1284. Calculate t(-57).
-30
Let k(m) = 4391*m + 100943. What is k(-23)?
-50
Let b(t) = -t**2 - 49*t - 529. What is b(-19)?
41
Let a(y) = y**2 + 210*y - 11135. What is a(44)?
41
Let c(j) = 9*j**3 + 17*j**2 - 31*j - 7. What is c(2)?
71
Let j(g) = g**3 - 50*g**2 - 436*g + 1974. Give j(57).
-135
Let o(a) = 2*a**2 + 396*a + 6062. Give o(-19).
-740
Let i(q) = -15088*q + 45424. Calculate i(3).
160
Let a(d) = -4*d**3 - 9658*d**2 + 165342*d + 6. Determine a(17).
6
Let v(u) = -30596*u - 244774. Determine v(-8).
-6
Let l(x) = 10*x**2 - 562*x + 1262. Determine l(54).
74
Let f(w) = 1603*w + 24038. Determine f(-15).
-7
Let u(c) = -108*c**2 - 5400*c + 9. Determine u(-50).
9
Let l(n) = 184383*n - 8481616. What is l(46)?
2
Let o(k) = -1539*k + 150821. Determine o(98).
-1
Let v(y) = 9*y**3 - 436*y**2 + 187*y + 217. What is v(48)?
-23
Let m(g) = -32961*g + 758139. Give m(23).
36
Let q(w) = 816*w**2 + 6532*w - 14. Give q(-8).
-46
Let l(j) = -3*j**3 + 169*j**2 + 291*j - 228. What is l(58)?
-170
Let p(o) = -o**2 + 69610*o - 487218. Determine p(7).
3
Let w(v) = 196*v**2 + 23*v + 65. Calculate w(-2).
803
Let j(h) = 3393*h + 57772. What is j(-17)?
91
Let g(q) = q**2 - 16530*q - 1328817. Calculate g(-80).
-17
Let i(z) = z**2 - 283*z + 18676. What is i(113)?
-534
Let s(w) = -4*w**3 - w**2 + 1738*w + 3474. Calculate s(-2).
26
Let l(b) = -41070*b - 698186. Calculate l(-17).
4
Let y(g) = 2*g**2 - 9169*g - 55065. What is y(-6)?
21
Let y(b) = 256*b**3 - 7423*b**2 - 62*b + 954. Calculate y(29).
-3
Let w(n) = -29*n - 200. Give w(-4).
-84
Let a(l) = 8*l**2 - 786*l - 10566. Determine a(-13).
1004
Let d(o) = -o**2 - 64374*o - 450566. Give d(-7).
3
Let q(a) = a**2 - 3833*a - 429635. Calculate q(-109).
43
Let r(y) = -y**3 + 34*y**2 - 225*y + 1007. Determine r(27).
35
Let c(n) = -2446*n + 149290. Calculate c(61).
84
Let k(l) = -12839*l + 12848. What is k(1)?
9
Let w(n) = -1604*n - 30444. Determine w(-19).
32
Let s(i) = 169*i**3 - 1352*i**2 - 17*i + 119. Calculate s(8).
-17
Let p(b) = -61*b**2 + 3731*b + 18609. Calculate p(-5).
-1571
Let b(g) = -7881*g - 4578866. Determine b(-581).
-5
Let a(h) = 8*h**3 - 61*h**2 - 9*h + 131. Give a(6).
-391
Let g(l) = -6*l**3 - 194*l**2 + 34*l + 3568. What is g(-32)?
432
Let w(m) = m**2 - 2584*m + 56453. Give w(22).
89
Let o(x) = 21756*x**2 - 565658*x + 60. Calculate o(26).
8
Let m(x) = -67963*x**2 - 339816*x - 3. What is m(-5)?
2
Let o(n) = -n**3 - 343*n**2 - 27150*n + 1294. What is o(-219)?
-20
Let u(y) = 6032*y + 78334. Determine u(-13).
-82
Let j(r) = 1780*r + 22613. Calculate j(-11).
3033
Let j(b) = -b**3 - 35*b**2 - 2341*b - 81926. Give j(-35).
9
Let g(a) = -a**3 + 67*a**2 - 882*a + 24170. Give g(59).
-20
Let m(q) = -q**2 - 480*q - 34492. Give m(-88).
4
Let v(h) = h**2 + 792*h + 24785. Determine v(-32).
465
Let u(y) = -2785*y**2 - 2805*y - 5. Calculate u(-1).
15
Let y(q) = 9240*q - 46359. What is y(5)?
-159
Let v(f) = 13102*f - 746844. Give v(57).
-30
Let j(z) = -102591*z - 7386557. Calculate j(-72).
-5
Let h(w) = 3*w**2 - 1101*w + 33969. Give h(34).
3
Let i(j) = 7*j**3 + 4402*j**2 - 13894*j + 6288. Determine i(-632).
-32
Let j(p) = 92*p - 9981. Determine j(110).
139
Let t(c) =